{"id":861,"date":"2023-02-01T13:04:55","date_gmt":"2023-02-01T12:04:55","guid":{"rendered":"https:\/\/samsha.es\/new42022\/?page_id=861"},"modified":"2025-08-06T23:33:50","modified_gmt":"2025-08-06T21:33:50","slug":"conocenos","status":"publish","type":"page","link":"https:\/\/samsha.es\/index.php\/conocenos\/","title":{"rendered":"Con\u00f3cenos"},"content":{"rendered":"\t\t<div data-elementor-type=\"wp-page\" data-elementor-id=\"861\" class=\"elementor elementor-861\" data-elementor-post-type=\"page\">\n\t\t\t\t\t\t<section class=\"elementor-section elementor-top-section elementor-element elementor-element-91ba8b1 animated-slow elementor-section-boxed elementor-section-height-default elementor-section-height-default elementor-invisible\" data-id=\"91ba8b1\" data-element_type=\"section\" data-settings=\"{&quot;background_background&quot;:&quot;classic&quot;,&quot;animation&quot;:&quot;bounceIn&quot;}\">\n\t\t\t\t\t\t\t<div class=\"elementor-background-overlay\"><\/div>\n\t\t\t\t\t\t\t<div class=\"elementor-container elementor-column-gap-no\">\n\t\t\t\t\t<div class=\"elementor-column elementor-col-100 elementor-top-column elementor-element elementor-element-e3543b8\" data-id=\"e3543b8\" data-element_type=\"column\">\n\t\t\t<div class=\"elementor-widget-wrap elementor-element-populated\">\n\t\t\t\t\t\t<div class=\"elementor-element elementor-element-dafce1c elementor-widget elementor-widget-heading\" data-id=\"dafce1c\" data-element_type=\"widget\" data-widget_type=\"heading.default\">\n\t\t\t\t<div class=\"elementor-widget-container\">\n\t\t\t\t\t<h1 class=\"elementor-heading-title elementor-size-default\">Con\u00f3cenos<\/h1>\t\t\t\t<\/div>\n\t\t\t\t<\/div>\n\t\t\t\t<div class=\"elementor-element elementor-element-38209f9 animated-slow elementor-invisible elementor-widget elementor-widget-image\" data-id=\"38209f9\" data-element_type=\"widget\" data-settings=\"{&quot;_animation&quot;:&quot;bounceInDown&quot;}\" data-widget_type=\"image.default\">\n\t\t\t\t<div class=\"elementor-widget-container\">\n\t\t\t\t\t\t\t\t\t\t\t\t\t\t\t<img decoding=\"async\" width=\"150\" height=\"150\" src=\"https:\/\/samsha.es\/wp-content\/uploads\/2025\/08\/flecha-150x150.png\" class=\"attachment-thumbnail size-thumbnail wp-image-21826\" alt=\"\" srcset=\"https:\/\/samsha.es\/wp-content\/uploads\/2025\/08\/flecha-150x150.png 150w, https:\/\/samsha.es\/wp-content\/uploads\/2025\/08\/flecha-100x100.png 100w\" sizes=\"(max-width: 150px) 100vw, 150px\" \/>\t\t\t\t\t\t\t\t\t\t\t\t\t\t\t<\/div>\n\t\t\t\t<\/div>\n\t\t\t\t\t<\/div>\n\t\t<\/div>\n\t\t\t\t\t<\/div>\n\t\t<\/section>\n\t\t\t\t<section class=\"elementor-section elementor-top-section elementor-element elementor-element-76b72b2 elementor-section-boxed elementor-section-height-default elementor-section-height-default\" data-id=\"76b72b2\" data-element_type=\"section\">\n\t\t\t\t\t\t<div class=\"elementor-container elementor-column-gap-no\">\n\t\t\t\t\t<div class=\"elementor-column elementor-col-50 elementor-top-column elementor-element elementor-element-f985b70 animated-slow elementor-invisible\" data-id=\"f985b70\" data-element_type=\"column\" data-settings=\"{&quot;animation&quot;:&quot;slideInLeft&quot;,&quot;animation_delay&quot;:1500}\">\n\t\t\t<div class=\"elementor-widget-wrap elementor-element-populated\">\n\t\t\t\t\t\t<div class=\"elementor-element elementor-element-b22ac67 elementor-widget elementor-widget-heading\" data-id=\"b22ac67\" data-element_type=\"widget\" data-widget_type=\"heading.default\">\n\t\t\t\t<div class=\"elementor-widget-container\">\n\t\t\t\t\t<h2 class=\"elementor-heading-title elementor-size-default\">Victor<br> Rodrigo Alors<\/h2>\t\t\t\t<\/div>\n\t\t\t\t<\/div>\n\t\t\t\t<div class=\"elementor-element elementor-element-6a1b761 elementor-widget elementor-widget-image\" data-id=\"6a1b761\" data-element_type=\"widget\" data-widget_type=\"image.default\">\n\t\t\t\t<div class=\"elementor-widget-container\">\n\t\t\t\t\t\t\t\t\t\t\t\t\t\t\t<img fetchpriority=\"high\" decoding=\"async\" width=\"683\" height=\"1024\" src=\"https:\/\/samsha.es\/wp-content\/uploads\/2022\/09\/image00001-683x1024.jpg\" class=\"elementor-animation-shrink attachment-large size-large wp-image-802\" alt=\"\" srcset=\"https:\/\/samsha.es\/wp-content\/uploads\/2022\/09\/image00001-683x1024.jpg 683w, https:\/\/samsha.es\/wp-content\/uploads\/2022\/09\/image00001-scaled-300x450.jpg 300w, https:\/\/samsha.es\/wp-content\/uploads\/2022\/09\/image00001-scaled-600x900.jpg 600w, https:\/\/samsha.es\/wp-content\/uploads\/2022\/09\/image00001-200x300.jpg 200w, https:\/\/samsha.es\/wp-content\/uploads\/2022\/09\/image00001-768x1152.jpg 768w, https:\/\/samsha.es\/wp-content\/uploads\/2022\/09\/image00001-1024x1536.jpg 1024w, https:\/\/samsha.es\/wp-content\/uploads\/2022\/09\/image00001-1365x2048.jpg 1365w, https:\/\/samsha.es\/wp-content\/uploads\/2022\/09\/image00001-scaled.jpg 1707w\" sizes=\"(max-width: 683px) 100vw, 683px\" \/>\t\t\t\t\t\t\t\t\t\t\t\t\t\t\t<\/div>\n\t\t\t\t<\/div>\n\t\t\t\t<div class=\"elementor-element elementor-element-e5980e4 elementor-widget elementor-widget-heading\" data-id=\"e5980e4\" data-element_type=\"widget\" data-widget_type=\"heading.default\">\n\t\t\t\t<div class=\"elementor-widget-container\">\n\t\t\t\t\t<h2 class=\"elementor-heading-title elementor-size-default\">Aroa<br>L\u00f3pez Cruz<\/h2>\t\t\t\t<\/div>\n\t\t\t\t<\/div>\n\t\t\t\t<div class=\"elementor-element elementor-element-aec0d97 elementor-widget elementor-widget-image\" data-id=\"aec0d97\" data-element_type=\"widget\" data-widget_type=\"image.default\">\n\t\t\t\t<div class=\"elementor-widget-container\">\n\t\t\t\t\t\t\t\t\t\t\t\t\t\t\t<img decoding=\"async\" width=\"683\" height=\"1024\" src=\"https:\/\/samsha.es\/wp-content\/uploads\/2022\/09\/image00007-683x1024.jpg\" class=\"elementor-animation-shrink attachment-large size-large wp-image-803\" alt=\"\" srcset=\"https:\/\/samsha.es\/wp-content\/uploads\/2022\/09\/image00007-683x1024.jpg 683w, https:\/\/samsha.es\/wp-content\/uploads\/2022\/09\/image00007-scaled-300x450.jpg 300w, https:\/\/samsha.es\/wp-content\/uploads\/2022\/09\/image00007-scaled-600x900.jpg 600w, https:\/\/samsha.es\/wp-content\/uploads\/2022\/09\/image00007-200x300.jpg 200w, https:\/\/samsha.es\/wp-content\/uploads\/2022\/09\/image00007-768x1152.jpg 768w, https:\/\/samsha.es\/wp-content\/uploads\/2022\/09\/image00007-1024x1536.jpg 1024w, https:\/\/samsha.es\/wp-content\/uploads\/2022\/09\/image00007-1365x2048.jpg 1365w, https:\/\/samsha.es\/wp-content\/uploads\/2022\/09\/image00007-scaled.jpg 1707w\" sizes=\"(max-width: 683px) 100vw, 683px\" \/>\t\t\t\t\t\t\t\t\t\t\t\t\t\t\t<\/div>\n\t\t\t\t<\/div>\n\t\t\t\t\t<\/div>\n\t\t<\/div>\n\t\t\t\t<div class=\"elementor-column elementor-col-50 elementor-top-column elementor-element elementor-element-feeac25 animated-slow elementor-invisible\" data-id=\"feeac25\" data-element_type=\"column\" data-settings=\"{&quot;animation&quot;:&quot;bounceInRight&quot;,&quot;animation_delay&quot;:500}\">\n\t\t\t<div class=\"elementor-widget-wrap elementor-element-populated\">\n\t\t\t\t\t\t<div class=\"elementor-element elementor-element-d601dd3 elementor-widget elementor-widget-text-editor\" data-id=\"d601dd3\" data-element_type=\"widget\" data-widget_type=\"text-editor.default\">\n\t\t\t\t<div class=\"elementor-widget-container\">\n\t\t\t\t\t\t\t\t\t<p>V\u00edctor Rodrigo Alors realiz\u00f3 sus estudios en la Escuela de Hosteler\u00eda de Castell\u00f3n. Comenz\u00f3 a compaginarlos con el trabajo en la cocina de un Hotel . A lo largo de su trayectoria profesional ha pasado por el Hotel Voramar (Benicassim), el Asador 7 de julio (Castell\u00f3n), y La Masia d\u2019en Sort (Ibiza). En 2005 y con s\u00f3lo 23 a\u00f1os, decidi\u00f3 abrir Samsha, proyecto que debido a su mente inquieta e inconformista , ha ido evolucionando a lo largo de estos a\u00f1os.<br \/>Muy interesado en la tecnificaci\u00f3n, usa t\u00e9cnicas propias y la fusi\u00f3n de todo el mundo en la creaci\u00f3n de sus platos. Platos como la, \u2018Representaci\u00f3n del boletus\u2019, hicieron que se alzase con el t\u00edtulo de Cocinero del A\u00f1o 2012.<br \/>Poco despu\u00e9s, en el a\u00f1o 2014, particip\u00f3 en la 2da edici\u00f3n de Top Chef Espa\u00f1a.\u00a0<\/p><p>Esta experiencia, reforz\u00f3 su personalidad y le dio el empuj\u00f3n necesario para metamorfosear su restaurante en lo que iba a ser un espect\u00e1culo gastron\u00f3mico \u00fanico. En diciembre de 2015 , V\u00edctor dio vida a Samsha 1.0 y \u201cEl Bosque\u201d se convierte en su \u201crepresentaci\u00f3n del boletus\u201d elevado a la en\u00e9sima potencia , haciendo de un boletus, todo un bosque entero. En septiembre de 2017, la mesa de Samsha evoluciona nuevamente a un espect\u00e1culo mucho m\u00e1s completo en el que se incorpora la imagen y el atrezzo a todos los efectos que ya formaban parte del show. Igualmente, este nuevo show, nace conjuntamente con Aroa L\u00f3pez, mano derecha de V\u00edctor Rodrigo y encargada de la coordinaci\u00f3n de todo el equipo que conforma Samsha. Perfeccionista, organizada y pieza del puzzle que encaja con V\u00edctor y con Samsha desde el primer momento.\u00a0 Juntos reconfirman que el espect\u00e1culo Samsha 2.0 ha sido todo un \u00e9xito y se plantean un reto nuevamente , un nuevo cambio a una versi\u00f3n 3.0 . En esta ultima versi\u00f3n, se vuelven a reinventar y sorprenden de nuevo con un espect\u00e1culo mucho m\u00e1s consolidado tanto en la parte tecnol\u00f3gica como en la gastron\u00f3mica. Despu\u00e9s de casi 3 a\u00f1os con un show en continuo \u00e9xito, se lanzan un nuevo reto personal y deciden romper de nuevo con todo y se plantean otro cambio . En Octubre de 2022 nace Samsha Cromas, un nuevo proyecto lleno de ilusi\u00f3n, de muchos meses de trabajo y de muchas novedades. Una nueva experiencia donde el comensal realiza un viaje a trav\u00e9s de una infinidad de alimentos que conforman todo un men\u00fa crom\u00e1tico de principio a fin . En 2023, la Gu\u00eda Repsol reconoce el gran trabajo, la evoluci\u00f3n y la trayectoria, otorgando 1 Sol Repsol a este concepto \u00fanico e innovador en el mundo de la alta gastronom\u00eda.\u00a0<\/p><div id=\"malwarebytes-root\">SAMSHA Cromas llega a su fin en Agosto de 2025 con un \u00e9xito rotundo tras 3 a\u00f1os de espect\u00e1culo. Victor y Aroa han estado dise\u00f1ando y trabajando en Samsha El Quinto Elemento muchos meses y conf\u00edan en que ser\u00e1 el proyecto m\u00e1s maduro e importante de la historia\u00a0de\u00a0Samsha.<\/div><div>\u00a0<\/div>\t\t\t\t\t\t\t\t<\/div>\n\t\t\t\t<\/div>\n\t\t\t\t\t<\/div>\n\t\t<\/div>\n\t\t\t\t\t<\/div>\n\t\t<\/section>\n\t\t\t\t<section class=\"elementor-section elementor-top-section elementor-element elementor-element-e72dc50 animated-slow elementor-section-boxed elementor-section-height-default elementor-section-height-default elementor-invisible\" data-id=\"e72dc50\" data-element_type=\"section\" data-settings=\"{&quot;animation&quot;:&quot;slideInUp&quot;}\">\n\t\t\t\t\t\t<div class=\"elementor-container elementor-column-gap-default\">\n\t\t\t\t\t<div class=\"elementor-column elementor-col-100 elementor-top-column elementor-element elementor-element-50afecb\" data-id=\"50afecb\" data-element_type=\"column\">\n\t\t\t<div class=\"elementor-widget-wrap elementor-element-populated\">\n\t\t\t\t\t\t<div class=\"elementor-element elementor-element-38c11a2 elementor-widget elementor-widget-image\" data-id=\"38c11a2\" data-element_type=\"widget\" data-widget_type=\"image.default\">\n\t\t\t\t<div class=\"elementor-widget-container\">\n\t\t\t\t\t\t\t\t\t\t\t\t\t\t\t<img loading=\"lazy\" decoding=\"async\" width=\"1024\" height=\"682\" src=\"https:\/\/samsha.es\/wp-content\/uploads\/2023\/03\/Image-1024x682.jpeg\" class=\"attachment-large size-large wp-image-3592\" alt=\"\" srcset=\"https:\/\/samsha.es\/wp-content\/uploads\/2023\/03\/Image-1024x682.jpeg 1024w, https:\/\/samsha.es\/wp-content\/uploads\/2023\/03\/Image-300x200.jpeg 300w, https:\/\/samsha.es\/wp-content\/uploads\/2023\/03\/Image-600x400.jpeg 600w, https:\/\/samsha.es\/wp-content\/uploads\/2023\/03\/Image-768x512.jpeg 768w, https:\/\/samsha.es\/wp-content\/uploads\/2023\/03\/Image-1536x1023.jpeg 1536w, https:\/\/samsha.es\/wp-content\/uploads\/2023\/03\/Image.jpeg 1600w\" sizes=\"(max-width: 1024px) 100vw, 1024px\" \/>\t\t\t\t\t\t\t\t\t\t\t\t\t\t\t<\/div>\n\t\t\t\t<\/div>\n\t\t\t\t\t<\/div>\n\t\t<\/div>\n\t\t\t\t\t<\/div>\n\t\t<\/section>\n\t\t\t\t<\/div>\n\t\t","protected":false},"excerpt":{"rendered":"<p>Con\u00f3cenos Victor Rodrigo Alors AroaL\u00f3pez Cruz V\u00edctor Rodrigo Alors realiz\u00f3 sus estudios en la Escuela de Hosteler\u00eda de Castell\u00f3n. Comenz\u00f3 a compaginarlos con el trabajo en la cocina de un Hotel . A lo largo de su trayectoria profesional ha pasado por el Hotel Voramar (Benicassim), el Asador 7 de julio (Castell\u00f3n), y La Masia [&hellip;]<\/p>\n","protected":false},"author":1,"featured_media":0,"parent":0,"menu_order":0,"comment_status":"closed","ping_status":"closed","template":"","meta":{"site-sidebar-layout":"no-sidebar","site-content-layout":"page-builder","ast-site-content-layout":"default","site-content-style":"default","site-sidebar-style":"default","ast-global-header-display":"","ast-banner-title-visibility":"","ast-main-header-display":"","ast-hfb-above-header-display":"","ast-hfb-below-header-display":"","ast-hfb-mobile-header-display":"","site-post-title":"disabled","ast-breadcrumbs-content":"","ast-featured-img":"disabled","footer-sml-layout":"","theme-transparent-header-meta":"enabled","adv-header-id-meta":"","stick-header-meta":"","header-above-stick-meta":"","header-main-stick-meta":"","header-below-stick-meta":"","astra-migrate-meta-layouts":"default","ast-page-background-enabled":"default","ast-page-background-meta":{"desktop":{"background-color":"","background-image":"","background-repeat":"repeat","background-position":"center center","background-size":"auto","background-attachment":"scroll","background-type":"","background-media":"","overlay-type":"","overlay-color":"","overlay-opacity":"","overlay-gradient":""},"tablet":{"background-color":"","background-image":"","background-repeat":"repeat","background-position":"center center","background-size":"auto","background-attachment":"scroll","background-type":"","background-media":"","overlay-type":"","overlay-color":"","overlay-opacity":"","overlay-gradient":""},"mobile":{"background-color":"","background-image":"","background-repeat":"repeat","background-position":"center center","background-size":"auto","background-attachment":"scroll","background-type":"","background-media":"","overlay-type":"","overlay-color":"","overlay-opacity":"","overlay-gradient":""}},"ast-content-background-meta":{"desktop":{"background-color":"var(--ast-global-color-5)","background-image":"","background-repeat":"repeat","background-position":"center center","background-size":"auto","background-attachment":"scroll","background-type":"","background-media":"","overlay-type":"","overlay-color":"","overlay-opacity":"","overlay-gradient":""},"tablet":{"background-color":"var(--ast-global-color-5)","background-image":"","background-repeat":"repeat","background-position":"center center","background-size":"auto","background-attachment":"scroll","background-type":"","background-media":"","overlay-type":"","overlay-color":"","overlay-opacity":"","overlay-gradient":""},"mobile":{"background-color":"var(--ast-global-color-5)","background-image":"","background-repeat":"repeat","background-position":"center center","background-size":"auto","background-attachment":"scroll","background-type":"","background-media":"","overlay-type":"","overlay-color":"","overlay-opacity":"","overlay-gradient":""}},"footnotes":""},"class_list":["post-861","page","type-page","status-publish","hentry"],"_links":{"self":[{"href":"https:\/\/samsha.es\/index.php\/wp-json\/wp\/v2\/pages\/861","targetHints":{"allow":["GET"]}}],"collection":[{"href":"https:\/\/samsha.es\/index.php\/wp-json\/wp\/v2\/pages"}],"about":[{"href":"https:\/\/samsha.es\/index.php\/wp-json\/wp\/v2\/types\/page"}],"author":[{"embeddable":true,"href":"https:\/\/samsha.es\/index.php\/wp-json\/wp\/v2\/users\/1"}],"replies":[{"embeddable":true,"href":"https:\/\/samsha.es\/index.php\/wp-json\/wp\/v2\/comments?post=861"}],"version-history":[{"count":57,"href":"https:\/\/samsha.es\/index.php\/wp-json\/wp\/v2\/pages\/861\/revisions"}],"predecessor-version":[{"id":21839,"href":"https:\/\/samsha.es\/index.php\/wp-json\/wp\/v2\/pages\/861\/revisions\/21839"}],"wp:attachment":[{"href":"https:\/\/samsha.es\/index.php\/wp-json\/wp\/v2\/media?parent=861"}],"curies":[{"name":"wp","href":"https:\/\/api.w.org\/{rel}","templated":true}]}}